- 72*y. Calculate l(-6).
-3
Let s(z) be the first derivative of 2*z**3/3 - z**2/2 + z + 102031. Let y be (1 - 0) + 3/3. Give s(y).
7
Suppose -2*l - 26 = 7*z - 2*z, 0 = 4*l + 5*z + 32. Let h(i) be the third derivative of -i**4/24 - 2*i**3/3 - 452*i**2. Determine h(l).
-1
Let g(p) = 10*p**3 - 13*p**2 + 4*p + 2. Let m(s) = 14*s**3 - 19*s**2 + 6*s + 3. Let l(u) = -3*g(u) + 2*m(u). Let q be (4 - 2) + 0/(-2). Give l(q).
-12
Let j(c) = c - 842. Let a(d) = -2*d + 562. Let n(i) = -3*a(i) - 2*j(i). Let u = -8 + 12. Give n(u).
14
Let s(w) = -w**2 + 13*w + 14. Let y be s(13). Suppose -x = -3*x - y. Let m(l) be the third derivative of l**4/24 + 5*l**3/3 + 13*l**2. Give m(x).
3
Let r be 30/6*(-2)/(-2). Let p(g) = -g**2 + 8*g - 19. Let l be p(r). Let s(t) = 0 - 7 + t + 12. Determine s(l).
1
Suppose 3*a = -t - 2, 3*t - 102 = -a - 124. Let z(q) = q**2 + 10*q + 6. Determine z(t).
-10
Let i(h) = h**2 + 7*h - 43. Let d(q) = 3*q**2 + 13*q - 131. Let f(c) = 3*d(c) - 8*i(c). Give f(19).
-11
Let c(y) = -y**2 + 11*y + 11. Let w = -746 + 758. Calculate c(w).
-1
Let w(h) = -h**3 + 12*h**2 - 11*h + 118. Let j be (-240)/(-36)*(810/(-50))/(-9). Calculate w(j).
-14
Let a(p) = -19*p - 159. Let v = 9591 - 9599. Give a(v).
-7
Let v(f) be the third derivative of 0*f**5 + 7*f**2 + 0 - 1/6*f**3 - 1/12*f**4 - 1/12*f**6 + 0*f. Suppose 23*u = 8*u - 15. Calculate v(u).
11
Suppose 2*g + 2*v + 52 = 0, 3*v = 72*g - 74*g - 57. Let o(d) = -d**3 - 24*d**2 - 66*d - 67. What is o(g)?
-4
Let l(c) = 9*c + 98. Let f = -1996 + 1985. Calculate l(f).
-1
Suppose -33 = -16*y - 22 + 69. Let j(s) = 4*s**2 - 6*s + 5. Calculate j(y).
75
Let g(q) = 2*q**3 - 14*q**2 + 17*q - 24. Suppose 4*w - 3*k - 11 = 22, 5*k = -4*w + 9. Calculate g(w).
6
Suppose 30 = s + s. Let k = 17 - s. Let x(o) = -8*o**2 + 9*o**k - 3*o**2 - 10*o**2. Determine x(-1).
-12
Let y(m) = -418*m + 0 + 1 - 408*m + 836*m - 5. Give y(6).
56
Suppose -1640 = -9*z - 146. Let g = z + -160. Let d(h) = -h**2 + 6*h + 2. Calculate d(g).
2
Let q(p) = -110973*p**2 - p**3 + 221955*p**2 - 7*p + 25 - 110976*p**2. Calculate q(6).
-17
Let l(w) = -w**2 + 14*w - 2. Suppose -1157 + 65 = -33*m - 45*m. Calculate l(m).
-2
Let w be (-696)/180 + (-4)/30 + 5. Suppose -a = -q - 11, 4*a + 6*q - q + w = 0. Let n(k) = -k**3 + 6*k**2 + 5. Determine n(a).
5
Let y = 1006 + -1008. Let i(g) = -11*g**2 + 14*g + 9. Let x(u) = 4*u**2 - 5*u - 3. Let q(a) = -3*i(a) - 8*x(a). Determine q(y).
5
Let s = 3866 + -3852. Let z(r) = r**3 - 13*r**2 - 12*r - 15. Calculate z(s).
13
Let x = 288 - 284. Suppose 86*j - 87*j + x = 0. Let t(n) = -n**2 + 3*n. Calculate t(j).
-4
Let v(t) be the first derivative of -1/6*t**3 + 0*t + 12*t**2 - 1/24*t**4 - 2. Let f(j) be the second derivative of v(j). Give f(-1).
0
Let o(g) = -g**2 + 4*g. Let w(v) = -v**2 + 14*v - 53. Let i be w(5). Let q be i/(-4 + -2 + 4 + 0). What is o(q)?
0
Let w(f) be the second derivative of f**5/10 + 5*f**4/4 - 5*f**3/6 + 6*f**2 - 1040*f. Calculate w(-8).
-12
Let z(g) = -5*g - 27. Suppose 159*j = 127*j - 320. Give z(j).
23
Suppose -5*r - 5*u + 10 = 25, -2 = -6*r - 2*u. Let x(k) be the second derivative of 0 - 1/2*k**3 + 5*k + r*k**2. Calculate x(-6).
22
Let a(g) = -13*g**2 - 6*g + 12. Let z(h) = -13*h**2 - 4*h + 9. Let v(d) = 3*a(d) - 4*z(d). Determine v(2).
48
Let w(i) be the first derivative of -i**4/4 + 2*i**3 + 17*i**2/2 - 7*i - 1171. Give w(8).
1
Let l(g) = 2*g**3 - 11*g**2 + 14*g - 6. Let n be l(4). Let u(x) = -13*x + n*x + 15*x. What is u(1)?
4
Let l(d) = d**2 - 11*d + 20. Let o be l(11). Let f = 20 - o. Let x(i) = -19*i + 9*i - 3 - 5*i**2 + f*i**3 + 5*i + i**3. Determine x(6).
3
Let o(u) = -u + 7. Let z = 138 + -135. Let w be (-15*5/(-30) - z)*10. What is o(w)?
12
Let r(t) = t**3 + 14*t**2 - 13*t + 46. Suppose -139*i + 103*i = 540. Determine r(i).
16
Let g(q) be the third derivative of 1/12*q**4 + 0 + 0*q - 2*q**2 - 3/2*q**3. Let l = -36763 + 36772. What is g(l)?
9
Let y(u) be the third derivative of 2*u**4/3 + 53*u**3/6 + 2*u**2 - 70*u + 3. What is y(-3)?
5
Suppose -2 = -2*l + 2*u, 2*l - u - 22 = -4*u. Let k be ((-7)/5)/((-1)/l) + -2. Suppose -k*m = 10 + 5. Let j(f) = f**3 + 2*f**2 - 2*f. What is j(m)?
-3
Let u(k) be the third derivative of -k**5/60 - 25*k**4/24 - 31*k**3/6 + 853*k**2. Give u(-24).
-7
Suppose -3*u + 9 = 0, -k + u = -3*u + 7. Suppose 2*c + 3*s = 6*c - 57, 27 = c - k*s. Let j(x) = 3 + c*x - 31*x + 20*x. Determine j(-3).
0
Suppose -1 = 12*i - 37. Let u(m) = 9*m - 9 + 0 + 14 + i*m + m**2 + 4. Calculate u(-11).
-2
Let f(q) = q**2 + 153*q - 1640. Let u be f(10). Let a(l) = -2*l**2 - 18*l + 14. Determine a(u).
-6
Let w(a) be the first derivative of -9*a**2/2 - 4*a + 2. Let p be (-6)/3*(-5 + 7 + 0). Determine w(p).
32
Let k(f) = -47*f**2 - 25 - 14*f**2 + 67*f**2 + 10*f - f**3. Give k(7).
-4
Let k(m) = -m**3 + 3*m**2 + 3*m - 4. Let h(n) = 28*n**3 - 2*n**2 - n + 2. Let y be h(1). Let v = -14 - y. Let q = v - -44. Determine k(q).
5
Let k(n) = -20405165*n**2 + 2*n**3 + 3 + 20405163*n**2 - n**3. Suppose 5*h = -4*s + 23, s - 2*h + 6*h - 14 = 0. Determine k(s).
3
Let y(s) = -s + 11. Let z = 3724 - 3710. Determine y(z).
-3
Suppose -82*s = -75*s - 833. Suppose 15*i - 89 = -s. Let h(a) = -2*a**2 - 1. Give h(i).
-9
Suppose 0 = 5*r + 236 - 96. Let h be ((-21)/r)/(1/4). Let w(p) = p. Let y(z) = 9*z - 3. Let b(s) = -6*w(s) + y(s). Give b(h).
6
Let a(g) = -4*g - 1. Let b(i) = 35*i - 13. Let k(r) = 8*a(r) + b(r). Calculate k(-8).
-45
Let g be -1*(2 + (-8)/4). Let i(f) = -4*f**3 + 6*f**2 - 9. Let y(a) = -a**3 + a**2. Let d(r) = i(r) - 5*y(r). What is d(g)?
-9
Let q(v) = 16*v + 23*v**2 - 1777 - 10*v**2 + 1793 - 11*v**2. What is q(-11)?
82
Let d(z) = 11*z**2 + 32*z + 38. Let n be d(-9). Let p = n - 645. Let k(o) = -6*o + 3. What is k(p)?
27
Let l = 105 - 337. Let b = 237 + l. Let z(t) = -2*t**2 + 10*t + 7. Calculate z(b).
7
Let j = 0 + 0. Suppose 13 = -5*r + 53. Let y(u) = u**2 - 11*u - 2*u**2 + 4*u - 7 + r*u. Determine y(j).
-7
Let j(h) = -1 - h**3 - 17*h**2 - 6 - 4*h**2 + 10. Let p be j(-21). Let u(f) = -6*f + 6*f + f**2 + 10*f**p - f. Give u(1).
10
Let d(r) = 8*r + 2. Let w(i) = -i. Let p(v) = 2*d(v) + 20*w(v). Let s(n) = -n**2 + 15*n - 36. Let m be s(11). Suppose 4*y = -2*u + 5*y + m, 2*y = 0. Give p(u).
-12
Let w = 1941/10580 + -1/7935. Let n(m) be the third derivative of -3/8*m**4 - 1/120*m**6 + 0 + 0*m + w*m**5 + 8*m**2 - 13/6*m**3. Calculate n(10).
-3
Let f(x) = -x**2 + 122*x - 1963. Let a be f(19). Let b(y) = -4*y**2 - 10*y - 9. Calculate b(a).
-93
Let f(n) = -9*n + 102. Let m be f(11). Let q(k) be the third derivative of 3/8*k**4 + 5/6*k**m + 1/60*k**5 + 0*k - 33*k**2 + 0. What is q(-6)?
-13
Let l(b) be the third derivative of -b**5/60 + b**4/8 + b**3/3 - 3*b**2. Let i(v) = 2*v + 23. Let z be i(-14). Let o be (-12)/20*(z + 0). Determine l(o).
2
Let z(o) = -o**3 - o**2 - o - 1. Let x(g) = -7*g**3 - 2*g**2 - 5*g - 1. Let b(y) = -x(y) + 6*z(y). Suppose 24 = 187*d - 181*d. Calculate b(d).
-9
Let p be 9/18*-2*(-3 + 9). Let v(g) = 8*g + 4. Determine v(p).
-44
Let o(u) be the third derivative of 3*u**2 + 0 + 0*u + 5/3*u**3 - 1/24*u**4. Let l = -607 + 614. Determine o(l).
3
Let q = -1 - -2. Let a be (-4)/(-1) + -1 - (25 + -27). Let f(j) = -12*j**2 + j**2 - 12*j**2 + a*j**2. What is f(q)?
-18
Let l = -16 - -32. Let w(j) = l + 1 - j - 7. Suppose 4*y + 5 = 37. Determine w(y).
2
Let f(k) = -k**3 - 5*k**2 + 24*k - 7. Suppose 422*c + 4301 = 925. What is f(c)?
-7
Let z(u) = -u**3 + 15*u**2 + 2*u - 33. Let d be z(15). Let a be (2 - (d - -9)) + 7. Let p(q) = 7*q**2 - 10*q**2 + 1 + 0 + 4*q. Determine p(a).
-14
Let k(h) = 2*h**2 - 4*h - 45. Let s(t) = 95*t + 3224. Let a be s(-34). What is k(a)?
51
Let g(p) = -3*p**2 + 5*p - 2. Let x(d) = -14*d**2 + 249*d + 56. Let f be x(18). What is g(f)?
-4
Let o(t) = -t**2 - 12*t - 32. Let m = -5276 - -5272. Give o(m).
0
Let d(u) = 47*u + 1746. Let q be d(-37). Let x(m) = -m**3 + 6*m**2 + 13*m - 2. Determine x(q).
40
Let a(p) = p + 4. Suppose -2*n = 1 - 5. Suppose 0 = -4*k + t + 97, 0*t + t = n*k - 51. Suppose -k - 1 = 4*c. What is a(c)?
-2
Let h(q) = 2*q - 5. Let o(i) = 3*i - 4. Let p(l) = -5*h(l) + 6*o(l). Let j be 11/2 - 6/(-4). Let f be (-9)/j + (-2)/(-7). Give p(f).
-7
Let s = 72 + -67. Suppose i + 1 = 0, -s*i + 11 = 4*p + 32. Let k(l) = 4*l + 5. Let x(a) = 3*a + 5. Let v(b) = -4*k(b) + 5*x(